of s?
2, 7, 31
Let i(p) = p**3 - 15*p**2 + 16*p - 3. Suppose -93 = -7*f + 222. Let t = f + -31. What are the prime factors of i(t)?
5
Suppose 3*w - 1415 = -4*c - 0*w, -4*c + 3*w = -1409. Let h be (225 - 26)/(1 + (-4)/2). Let d = c + h. What are the prime factors of d?
2, 7, 11
Let m(h) = h**2 + 5*h - 1. Let i be m(-5). Let v(t) = 2*t - 3. Let n(s) = 61*s - 6. Let b(w) = -n(w) + 3*v(w). List the prime factors of b(i).
2, 13
Let z = 35 - 29. Suppose 0*o = -z*o - 12. Let l = o - -62. What are the prime factors of l?
2, 3, 5
Suppose -3*x = -5*z - 43, -z + 40 = 3*x - 9. Suppose 6*p - x = 2*p. Suppose -4*q - 2*m = -29 + 5, 0 = -2*q - p*m + 6. List the prime factors of q.
7
Let s be (-2)/10 + (455/25 - 0). What are the prime factors of 205/45 + -5 + 3518/s?
3, 5, 13
Suppose 7988 - 2300 = 18*k. List the prime factors of k.
2, 79
Let u = 82178 - 51620. What are the prime factors of u?
2, 3, 11, 463
Suppose -44*k - 2*k = -227460 - 92746. List the prime factors of k.
6961
What are the prime factors of 7*1 + 7227 + (-28)/4?
3, 11, 73
Suppose 0 = -y + 12 - 9. List the prime factors of (-1*(y + 400))/(-1).
13, 31
Let m(r) = r**3 + 9*r**2 - r + 3. Let a be 8 - (-4 + 4 - -3). Suppose -4*s + a*y = 1, -27 = 3*s + 4*y + y. List the prime factors of m(s).
3, 29
List the prime factors of 19562*5/50 - (-25)/(-125).
2, 3, 163
Let j(f) = -73*f - 139. Let s(y) = -214*y - 416. Let n(h) = 11*j(h) - 4*s(h). What are the prime factors of n(16)?
983
Let k(z) = z**3 - 23*z**2 + 43*z - 8. Let y be k(21). Let b(o) = 4*o**2 - 13*o + 71. What are the prime factors of b(y)?
2, 17
Let f be 2 - 4 - ((-72)/4 - -4). List the prime factors of ((-677072)/(-96))/11 + (-2)/f.
641
Suppose -6 = -35*j + 33*j. Suppose -4*b = -0*b + 5*d + 30, -4*b - 26 = j*d. List the prime factors of 3/b - (-2990)/25.
7, 17
Let h(k) = -519*k - 98. List the prime factors of h(-16).
2, 11, 373
Let h(g) = -4*g - 2. Suppose 5*u - 4*q + 18 = 2*u, -4*u + 5*q - 23 = 0. Let y be h(u). Suppose y*x = 1577 + 79. What are the prime factors of x?
2, 3, 23
Let p(a) = 0*a**2 + 2*a - 2*a**2 + 10*a**2 + a**3 - 44*a + 32. What are the prime factors of p(10)?
2, 353
Let x(s) = s - 1. Let k(m) = -m - 18. Let n(t) = k(t) - 4*x(t). Let u be n(-4). Suppose 8*b - 10 = u*b. What are the prime factors of b?
5
Let v = 3 - 3. Let k(p) = -p**3 + p**2 - 2*p + 296. Let z be k(v). Suppose -z = -3*g - 107. List the prime factors of g.
3, 7
Let b = -122 - -397. Let x be (-1 - -356)/(-10 - (-44)/4). Suppose 2*m = -2*m + f + b, -5*f = -5*m + x. List the prime factors of m.
2, 17
Let j(l) = -l**3 + 10*l**2 + 8*l + 48. Let s = -137 + 148. List the prime factors of j(s).
3, 5
Let q(o) = 14*o**3 + 2*o**2 + 2*o - 4. Let p(u) = 17*u**2 + 3*u - 2. Let n be p(2). Let g = n + -70. What are the prime factors of q(g)?
2, 3, 5
Suppose 0*d + 19*d = 86*d - 523672. What are the prime factors of d?
2, 977
Suppose -144*w = -140*w - 31220. List the prime factors of w.
5, 7, 223
Let h be -7 - -6 - (-1)/(3/(-153)). Let f = 66 + h. List the prime factors of (-876)/(-14) + 6/f.
3, 7
Let y(a) = 48*a**3 + a**2 - 26*a + 5. What are the prime factors of y(4)?
7, 61
Let d be -2*-2*4/(16/3). Let b be (d + -4 + 3/6)*8. List the prime factors of ((-1248)/(-60))/(b/(-10)) + -1.
3, 17
Let q be 534 - -4 - (-11 + 5). Let y = -209 + q. What are the prime factors of y?
5, 67
Let w = 11455 + -7648. What are the prime factors of w?
3, 47
Let g(f) = -f**2 + 22*f - 18. Let v be g(21). Let m = v - 1. Suppose -4*u - m*r + 420 = -0*r, -2*u + 3*r = -218. List the prime factors of u.
2, 53
Let q(z) = 2291*z - 19. List the prime factors of q(5).
2, 3, 953
Suppose -4*w + 2*w = 4*w. Suppose 14*v - 8174 - 5966 = w. What are the prime factors of v?
2, 5, 101
Suppose 8*w + 5607 - 7403 - 16108 = 0. What are the prime factors of w?
2, 3, 373
What are the prime factors of -3 + -5 + 12/6 + 423?
3, 139
Let i be 140/50 + (-2)/(-10). Suppose 7*s - 40 = -i*s. Suppose 2 = -o - 2, -2*k + 48 = -s*o. List the prime factors of k.
2
Let u = 29 + -33. Let j be (-4 - 166)*u/10. Suppose 4*z + i = 16 + 42, -j = -4*z + 4*i. List the prime factors of z.
3, 5
Let y(s) = s**3 + 7*s**2 + 6*s + 20. Let j be y(-6). Let n be (176/j)/(-1*2/(-10)). Suppose -n = 5*m - 7*m. What are the prime factors of m?
2, 11
Let b(g) = -18 + 28*g - 3 - 11*g. Let c be b(11). Let t = c + -85. List the prime factors of t.
3
Let d = 139 + -139. What are the prime factors of d + -2 + 5 + (311 - 68)?
2, 3, 41
What are the prime factors of 3459456/861 - 8/(-164)?
2, 7, 41
Let y(i) = 13*i**2 + 9*i - 337. List the prime factors of y(-32).
3, 4229
Suppose 2*f + 12 = -4*u - 50, 3*u + 5*f = -29. Let p = u + 251. What are the prime factors of p?
233
Suppose -11*g + 15*g + 152 = 0. Let h = -11 - g. Let m(u) = 5*u - 2. What are the prime factors of m(h)?
7, 19
Suppose 289 = -y + 3*u + 1552, -5*u = -10. What are the prime factors of y?
3, 47
Let g(z) = z**2 - 46*z + 243. Let h be g(42). Let d = -57 + 9. Let c = d + h. List the prime factors of c.
3
Let y = -45604 + 82972. What are the prime factors of y?
2, 3, 173
Let h = -393 - -919. Suppose 0*q - 5*b - 188 = -q, -3*q - 4*b = -h. What are the prime factors of q?
2, 89
Suppose 4*a + 216 = -5*p, -3*p + 5*p - 270 = 5*a. Let t = a - -58. Suppose 0*h + t*b = h - 65, -b = -3*h + 140. What are the prime factors of h?
3, 5
Suppose h - 6*b - 26434 = 3854, 0 = 5*h + 2*b - 151664. What are the prime factors of h?
2, 3, 5, 337
Let f = -3932 - -11913. List the prime factors of f.
23, 347
Suppose 3*l + 14 = -4. Suppose -t + 1 = 3. What are the prime factors of (-10)/l*((t - 1) + 21)?
2, 3, 5
Let f be 3*(5/(-3) + 3). Let p(o) = o - 3. Let z be p(3). Suppose -f*d + 2*d + 184 = z. List the prime factors of d.
2, 23
Suppose 6*n + 3*s = 9*n - 5391, 4*s = n - 1788. Suppose 0*p - n = -4*p. Suppose -30*f + p = -24*f. What are the prime factors of f?
3, 5
Let c(t) be the second derivative of 3*t**5/20 - t**4/4 - t**3/3 - t**2 + 23*t. Let v be c(-3). Let q = v - -159. List the prime factors of q.
5, 11
Let l = 14 + -11. Let k be ((-42)/18)/(2/(-54)). Suppose -r + 0*r + 3 = 0, -3*j = l*r - k. List the prime factors of j.
2, 3
Let p = -157 - -133. List the prime factors of 8/p*(-1158)/2.
193
Suppose 0 = -z + o - 112, 22 = -2*z - 5*o - 223. Let v = z + 260. What are the prime factors of v?
5, 29
Suppose 45*g = 43*g - 8. Let m be 8196/(-21) - (g - 78/(-21)). List the prime factors of 1/4 + m*(-5)/40.
7
Let f be 2066/4 - (105/10 - 13). Suppose -4*o = -3*r - f - 4489, -o + 2*r = -1252. List the prime factors of o.
2, 313
Let n(l) = 4188*l**2 + 238*l - 471. What are the prime factors of n(2)?
13, 1289
Let s = 89 + -85. Suppose 0 = s*x + 5*v - 43, x = -0*x + 3*v - 2. Suppose x*u - 4*u - 121 = h, 5*u - 5*h - 185 = 0. List the prime factors of u.
2, 3, 7
Let o(l) = 31*l - 215. Suppose 376 = 8*z + 72. What are the prime factors of o(z)?
3, 107
Let m(l) = -l**3 + 7*l**2 + l + 3. Let h(p) = -2*p**2 + 5*p - 9. Let s be h(2). Let r be m(s). Let y = r - 480. List the prime factors of y.
2, 101
List the prime factors of (-826)/(-21)*1326/13.
2, 17, 59
Let h(d) = -39*d**3 - 5*d**2 - 5*d + 4. Let x(s) = -2*s**3 + s**2 + s + 1. Let i(r) = -h(r) - 3*x(r). What are the prime factors of i(2)?
5, 73
Suppose z - 1215 = 2*f - 2*z, 4*f - z + 2415 = 0. Let g = -355 - f. What are the prime factors of g?
2, 31
Let z(b) = -4*b + 94. Let u be z(17). Suppose -32*v + 2994 = -u*v. List the prime factors of v.
499
Let z = 25067 - 17020. List the prime factors of z.
13, 619
Let i(l) be the third derivative of -3/2*l**3 + 0*l - 1/10*l**5 + 1/120*l**6 + 0 + l**2 - 5/24*l**4. List the prime factors of i(9).
3, 7
Let w = 727 - 1041. Let y = w - -100. List the prime factors of 12/(-30) - y/10.
3, 7
Suppose 6*w + 2194 + 152 = 0. Let h = 511 + w. List the prime factors of h.
2, 3, 5
Suppose 0 = -x + 2*t + 1351, 2*t + 4053 = 3*x - t. Let k = x + -418. List the prime factors of k.
3, 311
Suppose 16*v + 10 - 42 = 0. List the prime factors of (10 - -191)/(6/16*v).
2, 67
Let f(l) = -4*l + 57. Let c be f(21). List the prime factors of c*96/(-6) - -3.
3, 5, 29
Suppose 32*h - 37*h - 1560 = 0. List the prime factors of h/(-14) - (-4)/(-14).
2, 11
Let u = -598 + 625. Suppose -u*m + 16912 = m. List the prime factors of m.
2, 151
Let f(q) = -q**2 - 5*q - 8. Let l be f(-2).